68)/34. Suppose 4*s = a*i + 4355, -5*i + 67 = 5*s - 5368. What are the prime factors of s?
2, 17
Let r = -757 + 760. Suppose -v - 212 = -3*v. Suppose -v = -2*x - 5*m, x - 2*x + r*m = -75. List the prime factors of x.
3, 7
Suppose 93 + 321 = -6*l. What are the prime factors of (-58535)/l + (-14)/6 + 2?
2, 53
Suppose -3*k - 6*k - 36 = 0. Let h(j) = -j**3 - 5*j**2 + j + 14. Let s be h(k). List the prime factors of (-1)/1*(3 + s + -58).
61
Suppose -4 = 2*b, 3*o - 62960 = 2*b + 92399. List the prime factors of o.
5, 10357
Let u(y) = 1179*y + 19136. What are the prime factors of u(0)?
2, 13, 23
Let t be (1 - -119312) + (4 - 2 - -2). What are the prime factors of t/88 - (-3)/24?
2, 3, 113
Let j = 136 - 134. Suppose -2*o = -3*o + j. List the prime factors of 25 - 11/(11/o).
23
Let x be 12/18 + 4/24*-4. Suppose x = g - 22 + 19. What are the prime factors of g?
3
Let x(p) = p**3 - 6*p**2 + 8*p - 10. Let u be x(5). Let g(z) = -16 + 0 - z**2 - u + z + 7*z**2. What are the prime factors of g(4)?
79
Let w(n) = 333*n**2 + 4*n - 28. What are the prime factors of w(4)?
2, 3, 443
Suppose 0 = 110*s - 337467 - 48221 + 79118. What are the prime factors of s?
3, 929
What are the prime factors of 21 - 4 - (-3705 - 32)?
2, 1877
Suppose 0 = -3299*r + 3314*r - 461078 - 267427. What are the prime factors of r?
3, 16189
Let v = 62 - 59. Suppose v*u = u + 2140. Suppose u = -b + 11*b. List the prime factors of b.
107
Suppose f - 519 - 166 = 1432. What are the prime factors of f?
29, 73
Let n(v) be the first derivative of -66*v**2 - 247*v - 147. What are the prime factors of n(-7)?
677
Let c(p) = -p**3 + 5*p**2 - 3*p. Let g be c(4). Let q(v) = -16*v - 131. Let w be q(-10). Suppose 3*i + w = g*i. What are the prime factors of i?
29
Let u be 2/(-4) - 58/4. Let h(n) be the second derivative of -5*n**3/6 + 22*n**2 - n + 1159. What are the prime factors of h(u)?
7, 17
Let v = -10164 + 11243. List the prime factors of v.
13, 83
Let t be (-170 - -4)/(2/(-4)). Let x = t + 132. What are the prime factors of x?
2, 29
Let w = -29975 + 42883. List the prime factors of w.
2, 7, 461
Suppose -5*c = -2*k + 4, k + 80 = 6*k + 5*c. Let t be (18/(-3))/(-5 - (-56)/k). Suppose t*z = 14*z + 416. List the prime factors of z.
2, 13
Suppose 284*h = 279*h + 20500. What are the prime factors of h?
2, 5, 41
Let g(o) = -o**3 + 7*o**2 + 8*o - 6. Let x be g(8). Let s(t) = -14*t + 38. Let y be s(x). Let i = -84 + y. What are the prime factors of i?
2, 19
Suppose 0 = -3*y - 6, -4*q + 3*y = 20 - 2. What are the prime factors of q + (-2)/2 - -617?
2, 5, 61
Let o be ((-13)/(-13))/((6/8)/(-3)). Let x be o/(-20) + 36/15*2. Suppose 2*s + 3*b = 189, 3*s = x*b - 3*b + 303. What are the prime factors of s?
3, 11
Suppose u = -17 + 20. Suppose -p + 405 = -u*r - 801, 2*r - 5996 = -5*p. List the prime factors of p.
2, 3, 5
Let y = 36 + -48. Let b = 8 + y. What are the prime factors of (6/b)/(1715/860 + -2)?
2, 3, 43
Suppose -4*b - 21 + 1 = 0. Let a be 300/8*4/b. What are the prime factors of a/3*(-19)/2?
5, 19
Let r = -14152 + 25806. What are the prime factors of r?
2, 5827
Suppose 0 = 2*h + 5 - 1, k - 5*h - 11 = 0. Suppose -k = u + 3*i, 2*u - i = -0*u + 12. Suppose -u*q - 2*q + 112 = 0. List the prime factors of q.
2
Suppose -37*m + 498605 + 209618 = 154592. What are the prime factors of m?
13, 1151
Let j(g) = g**3 - 16*g**2 + 3*g + 36. Let q = -34 - -50. List the prime factors of j(q).
2, 3, 7
Let t(n) = n**3 - 9*n**2 - 56*n - 803. What are the prime factors of t(28)?
3, 5, 167
Suppose -5*n - 4*i = -186, -n - 3*i = -8*i - 43. Let o = n + -34. Suppose 3*g - 8 = 7*g, -40 = -2*m - o*g. What are the prime factors of m?
2, 3
What are the prime factors of 4/(-5) + 35321769/705?
50101
Let w = 20392 - 11701. What are the prime factors of w?
3, 2897
Let x(g) be the second derivative of 19*g**4/24 - 2*g**3/3 - 8*g**2 + 4*g. Let l(b) be the first derivative of x(b). List the prime factors of l(4).
2, 3
Let b(p) = 610*p - 6094. Let d be b(10). Let a(i) = 139*i**3 + 2*i**2. Let v be a(2). Suppose d*h = -2*h + v. What are the prime factors of h?
2, 5, 7
Let d = 33 - 57. Let o be (152/(-114))/((-2)/195). Let r = o + d. What are the prime factors of r?
2, 53
Let f(a) = -189*a + 59. Let g be f(5). Let l = -333 - g. What are the prime factors of l?
7, 79
Let l(a) be the third derivative of 0*a + 0 - 1/6*a**4 + 9*a**2 - 1/3*a**3. What are the prime factors of l(-2)?
2, 3
Suppose 2*c + c - 4*a - 9 = 0, 5*a = 15. Let o(j) = -j**3 + 6*j**2 + 10*j - 15. Let n be o(c). Suppose 5*b + 13 = n*b. What are the prime factors of b?
13
Let y = -13415 - -20604. List the prime factors of y.
7, 13, 79
Suppose -3*s - 4*h = -3, 4*h - 18 = 2*s - 0*h. Let j(o) be the third derivative of -3*o**4/8 - 5*o**3/3 + 2*o**2. List the prime factors of j(s).
17
Let r = -5604 - -5605. Suppose 4*i + i - 10 = 0. What are the prime factors of i - (-115 + (-4)/r)?
11
Suppose 0 = 5*q - 0*q - 25. Suppose -87 = -q*h + 733. Suppose 4 = -5*r + h. List the prime factors of r.
2
Let l be (5 - 52/8)*-22. Suppose 0 = l*i - 31*i - 1194. Suppose 5*h - 370 = -2*s, -2*s + 3*h = s - i. List the prime factors of s.
3, 5, 13
Suppose -135*t + 2532297 = 400242. What are the prime factors of t?
17, 929
Suppose 9 = -19*j + 10*j. List the prime factors of 4 + -4 + 0 + 188 + j.
11, 17
Let y(l) = -l + 790. Let t be 0*(9/2 - 4). List the prime factors of y(t).
2, 5, 79
Suppose -2141 = -f - 3*b, 4*f - 11169 + 2640 = -5*b. What are the prime factors of f?
2, 1063
Let m(y) = -99*y**2 + 2*y + 7. Suppose 0 = 6*k - 67 - 17. Let o(t) = 49*t**2 - t - 3. Let b(v) = k*o(v) + 6*m(v). List the prime factors of b(1).
2, 3, 5
Suppose 3*f - 5*g - 30 = -2*f, -4*g = 4*f - 56. Suppose -f*q = -17*q + 35. Suppose 2*z + 5*m - 720 = -229, 3*z = -q*m + 749. List the prime factors of z.
2, 3, 43
Let m = 35 + -39. Let o be (-15)/20 - (223/m - 2). Suppose 3*p - 54 = o. What are the prime factors of p?
37
Suppose -m - q = 3*m - 8, -2*q = -5*m + 10. Suppose -274 = -4*c + 4*b - 34, -m*c + b = -123. List the prime factors of 3744/c + (-3)/7.
59
Suppose -94*n = 73322 - 5341458. List the prime factors of n.
2, 14011
List the prime factors of (696/16)/(6 + (-2732)/456).
3, 19, 29
Suppose 57 = -5*s - 4*v, 3*s + 5*v + 26 = -16. List the prime factors of (-29)/s - (-6)/(-27).
3
Let w(c) be the second derivative of 177*c**3/2 - 13*c**2 - 66*c. What are the prime factors of w(2)?
2, 7, 37
Let s be (-3 + (2 - 1))/(16/(-72)). Let q(o) = 170*o - 101. What are the prime factors of q(s)?
1429
Suppose 0 = 3*s + h + 2, 3*h - 7*h = -4. List the prime factors of (0 - s)/((-4)/(-792)).
2, 3, 11
Let g(l) = -557*l + 3143. What are the prime factors of g(3)?
2, 23
Let d(a) be the second derivative of 0 + 23*a - 1/6*a**3 + 23*a**2. List the prime factors of d(14).
2
List the prime factors of ((-3)/(24/134326))/(27 + (-5123)/188).
47, 1429
Let w(y) = 372*y**2 + 12*y - 10. Let v(r) = -372*r**2 - 11*r + 9. Let o(n) = -5*v(n) - 4*w(n). List the prime factors of o(1).
2, 11, 17
Let r(w) = 27*w**2 + 3*w - 27. Let g be r(-4). Let x = -347 + g. List the prime factors of x.
2, 23
Suppose -1022 = 5*d + 568. Let p = 675 + d. List the prime factors of p.
3, 7, 17
Suppose 16 = 6*d - 4*d. Suppose 7*h + 120 = d*h. List the prime factors of h.
2, 3, 5
Suppose 5*m + 4*i = 60, 86 = 5*m + 5*i + 21. Let u be (m/10)/(2/160). Let b = u - -45. List the prime factors of b.
109
Let j(z) = z - 7. Let v be j(6). Let d be (v*(1 + -1))/1. Suppose d = 11*r - 13*r + 18. What are the prime factors of r?
3
Suppose 0 = -24*c + 21*c + 2*x + 2359, -3*c + 2374 = -5*x. What are the prime factors of c?
3, 29
Let u(f) = -f. Let k(c) = -12*c + 73. Let j(v) = -k(v) - 4*u(v). Let s(r) = r**3 + 5*r**2 - 3*r - 5. Let b be s(-2). What are the prime factors of j(b)?
3, 5
Let x(k) = -19*k - 73. Let p(u) = u. Let w(t) = -6*p(t) + x(t). What are the prime factors of w(-5)?
2, 13
Let h(q) = q**3 - 11*q**2 - 4*q - 16. Let c be h(12). Suppose -f + 3*t = -80, f - c = -2*t + 3*t. Let j = f + -34. List the prime factors of j.
2, 23
Let q(f) = 30*f + 58. Let g be q(-2). List the prime factors of (28/g)/((-2)/196).
2, 7
Let v(s) = 147*s**2 - 35*s - 106. What are the prime factors of v(-3)?
2, 661
Suppose 4*l = 5*t - 7, 3*t - 2 = 4*l - 1. Suppose -2*m - 2*w + 650 = 0, -402 = -l*m + w + 248. What ar